5)/6*(0 - 2). Let z(v) = 0*v**2 - 8 + v**3 + y - v**2 - 5*v**2. Give z(c).
-3
Let a = 0 + 3. Suppose -21 = -9*k - a. Let b(r) = r - 2. What is b(k)?
0
Let o(a) = -2*a**2 - 6*a - 4. Let f(d) = -5*d**2 - 12*d - 7. Let v = 6 + -13. Let w(u) = v*o(u) + 3*f(u). Let z be (12/(-10))/(6/(-30)). Calculate w(z).
7
Let u be 175/49 + 8/(-14). Let d(o) = -10*o + 3. Calculate d(u).
-27
Let h be 0/(0 + 2) - -1. Let s(t) = -t**3 + 2*t**2 - t**2 + 1 + h. Let a = 1174 + -1172. What is s(a)?
-2
Let y(m) = 5*m. Let p(a) = 7*a + 6. Let q(g) = g - 1. Let n(s) = p(s) - 6*q(s). Let c be n(-14). Determine y(c).
-10
Let t(s) = -s**3 - 5*s**2 - 6*s - 1. Let o(u) = u**3 - 7*u**2 - 7*u - 7. Let n be o(8). Let c be (26/(-10))/(n/(-5)). Let v = c + -17. What is t(v)?
7
Let n(t) be the third derivative of -t**4/24 + t**3/2 - 17*t**2 + 1. What is n(4)?
-1
Suppose -v + 3*j = -2, -2 = -2*v - 4*j + 2. Suppose -20 = -3*h - 8. Let f(q) = -4*q + h*q**2 - 3*q**2 + 7*q - 2*q**2 - 2. Determine f(v).
0
Let b(n) = n**2 - 4*n. Let k be 3*(90/(-81) + 4/(-18)). Let t(d) = -4*d - 14. Let z be t(k). Give b(z).
-4
Let o(l) = 8*l. Suppose 0 = 2*j + 2*h, h + 0*h + 2 = 0. Suppose -2*b + 10 = 0, -2*q - 4*b + 6 = -j*b. Calculate o(q).
-16
Let f(v) = -5*v**2 + v - 1. Suppose -6*d - 345 = 9*d. Let i = d - -24. Determine f(i).
-5
Let g(b) = -b**3 - 8*b**2 - 3*b + 47. Let n be g(-4). Let h(d) = 5*d. Let k(w) = -w + 1. Let x(a) = h(a) + 4*k(a). Calculate x(n).
-1
Let t = -49 - -45. Let s(y) = y**3 + 4*y**2 - y + 3. Give s(t).
7
Let l(d) be the first derivative of 3*d**2 - 4*d - 74. Give l(3).
14
Let v(n) = -7*n**3 - 3*n**2 - 11*n + 2. Let i = 26 - 9. Let y(f) = -20*f**3 - 10*f**2 - 33*f + 6. Let k(j) = i*v(j) - 6*y(j). Determine k(-8).
-26
Let n(i) = -6*i**2 - 12*i - 4. Let a(r) = 5*r**2 + 11*r + 3. Let x(d) = 7*a(d) + 6*n(d). What is x(5)?
-3
Let n(d) = -2*d - 1. Let a(s) = -s**2 + 2*s + 2. Let c be (16/(-28))/(2/(-7)). Let j be -2*((-21)/c)/7. Let t(o) = j*a(o) + 4*n(o). Calculate t(-2).
-6
Let j = -38 - -35. Let a be (j - -7)/(-4) + 2 - -6. Let z(r) = r**3 - 8*r**2 + 5*r + 9. Determine z(a).
-5
Let q(p) = 4*p - 22. Let r be q(10). Let k = -16 + r. Let j be k + (-2 + 6 - 0). Let w(f) = f**2 - 7*f + 3. What is w(j)?
-3
Let n(h) = -9*h + 1. Let z = -146 + 83. Let d = z + 62. Determine n(d).
10
Let g(f) = -f**3 - 6*f**2 - 6*f - 6. Let s = -62 + 36. Let t = -31 - s. Determine g(t).
-1
Let d(p) = 1 - 5*p - 4*p**3 - 4*p**2 + 5*p**3 + 9*p**2. Let j = -1566 - -1560. What is d(j)?
-5
Suppose -4*w + 5*o = 144, 0 = -3*w - 5*o + o - 77. Let q = 25 + w. Let y(d) = d + 8. Give y(q).
2
Let f(c) = c**2 + 3*c - 2. Let o be (-9)/(27/(-12))*-27. Let i be o/(-15)*(-5)/(-2). Suppose -5*t = -3 + i. Determine f(t).
-2
Let n be (-2 - -2)*54/216. Let s(g) = 3*g - 12. Determine s(n).
-12
Let v(h) = -h**3 - 3*h**2 - 2*h - 3. Let q(f) = 2*f - 7. Let a be q(7). Let y = 5 - a. Let i be v(y). Let d(t) = -t**3 - t**2 + 5*t + 4. Determine d(i).
7
Let v(w) be the first derivative of 8 - 1/2*w**2 - w. Determine v(0).
-1
Let a(b) = -b**2 + 11*b - 4. Let z be a(10). Let f(p) = -41*p**2 - z*p - 2 + 0 - p**3 + 48*p**2. Determine f(6).
-2
Let j = -364 + 360. Let w(k) be the second derivative of -k**3/6 + k**2 + 2*k. What is w(j)?
6
Let l(m) be the second derivative of -m**4/12 - m**3/6 - m**2 - 3*m. Let r(a) = 2*a**2 - 9*a. Let n be r(6). Let o = -20 + n. Calculate l(o).
-4
Let q(v) be the second derivative of v**6/720 - v**5/10 + 4*v**4/3 + 13*v. Let x(f) be the third derivative of q(f). What is x(0)?
-12
Let c(p) = 4*p - 10. Let a = 1880 - 1886. Give c(a).
-34
Suppose -5*m = -10, u + 2*u + 5*m - 25 = 0. Let s(n) = n**2 - 5*n + 5. Let f be s(u). Let a(l) = -l**2 + 6*l - 4. What is a(f)?
1
Let m = 907 + -907. Let d(j) be the second derivative of -7*j - 1/6*j**4 + 0 + j**3 + m*j**2. Give d(4).
-8
Let l(d) = d**3 + d**2 - d - 1. Let y(w) = -7*w**3 - 12*w**2 + 18*w + 18. Let a(s) = 6*l(s) + y(s). Determine a(-7).
-23
Let j(t) = t**3 + 13*t**2 + 14*t + 7. Let i be j(-12). Let h(b) = -3*b - 42. Let p be h(i). Let s(v) = -v**2 + 8*v + 11. What is s(p)?
2
Let f(c) be the second derivative of c**5/60 - c**4/6 - c**3/6 + 3*c**2/2 + 2*c. Let i(m) be the first derivative of f(m). Determine i(4).
-1
Let p(g) be the first derivative of -g**4/4 - 5*g**3/3 + 3*g**2 - 5*g - 369. Calculate p(-7).
51
Let f = 100 - 94. Let v(m) = -2*m - 6. Let o be v(-6). Let s be o/(-4) + 21/f. Let j(u) = 4*u. Give j(s).
8
Let x be (18/30)/((-26)/(-20) + -1). Let k(m) = 3*m**3 - 3*m**2 + 2*m - 3. What is k(x)?
13
Let i be (26/4)/(1/2). Let k(t) = 7*t**2 - 25*t + 2 + 0 + 12*t. Let b(s) = 3*s**2 - 6*s + 1. Let j(p) = i*b(p) - 6*k(p). Determine j(-1).
-2
Let a(s) be the second derivative of s**5/20 + 7*s**4/12 + 5*s**3/6 + s**2 + 245*s. What is a(-6)?
8
Let o(v) = 21773*v**3 + 58 - 21772*v**3 - 53 + 9*v**2. Suppose -5*h - 12 + 2 = 0. Let c(x) = -2*x**2 + x + 1. Let i be c(h). Calculate o(i).
5
Let c(d) = 2*d - 4. Let z = 218 - 221. Determine c(z).
-10
Let n(h) = -5*h**3 + 9*h + 4*h**3 - 6*h**3 + 6 - 4*h**2. Let w(r) = -20 + 9 - 22*r + 7*r**2 + 13*r**3 + 5*r. Let k(y) = -11*n(y) - 6*w(y). What is k(-2)?
10
Suppose 0 = 2*s + 65 - 17. Let l be (-1 - -3)/(s/84). Let u(q) = q**3 + 8*q**2 + 7*q. Determine u(l).
0
Suppose -j + 7 = -2*p, 0 = -5*j - p + 3*p + 3. Let t(g) = g - 2 + 2*g - 10*g + 1. Let x(z) = -z. Let k(w) = j*t(w) + 6*x(w). Determine k(6).
7
Let w(k) = 2*k - 2. Let t(a) = -a**2 - 21*a - 38. Let p be t(-19). Suppose 8 = -p*n + 2*n. What is w(n)?
6
Let r(g) = -17 - 13 - 20 + 49 - 6*g. Determine r(-1).
5
Let d(g) = -g**2 + 14*g - 20. Let z be d(12). Let n(v) = v**3 - 6*v**2 + 6*v + 4. Give n(z).
-4
Suppose -4*a + 27 = 3. Suppose 14*t = a*t - 24. Let w(i) be the second derivative of i**5/20 + i**4/4 - i**3/6 - i**2/2 + 2*i. Determine w(t).
2
Let f(k) = 7*k**2 - 9*k + 7*k - 14*k + 32 - 8*k**2. Calculate f(-18).
-4
Let f be 0 + (-1)/(-6) - (-22)/(-132). Suppose -7 = -f*k + k - p, 4*k + 22 = 2*p. Let r(j) = -j**2 - 6*j - 6. What is r(k)?
2
Let b(k) = 5*k**3 + 63*k**2 - 31*k + 44. Let o(q) = -q**3 - 15*q**2 + 8*q - 11. Let d(i) = 2*b(i) + 9*o(i). Let n = 19 + -11. What is d(n)?
5
Let v be 1*-4*11/22. Let x(z) = -z + 2. Let y(m) = -1. Let p(h) = -3*x(h) - 4*y(h). Calculate p(v).
-8
Let i = -8 - -15. Suppose 1 = p - i. Let u(z) = -7 + p*z - 3*z - 4*z. What is u(6)?
-1
Suppose -23*z + 103 = -12. Let v(c) = c**2 - 4*c + 10. Let j(x) = -x**2 + 4*x - 9. Let q(l) = 4*j(l) + 3*v(l). What is q(z)?
-11
Let z be (-2 + 5)/(6/14). Let x(g) = -3*g + 2*g**2 - 7 - 4 + 0 + z. Calculate x(4).
16
Let w(n) = -n**2 + 7*n - 7. Suppose -10*u = 16*u - 156. Give w(u).
-1
Let u(i) = 4*i**3 - 39*i**2 - 8*i + 47. Let g(b) = b**3 - 10*b**2 - 2*b + 12. Let n(a) = 11*g(a) - 3*u(a). Let h be (-4)/6*(-21)/2. What is n(h)?
5
Suppose -5*n - 4*c + 10 = -1, 4*n - 4*c = 16. Suppose g + 9 = -2*y + 2*g, -2*g - 10 = n*y. Let a(m) = -m**3 - 4*m**2 - 3*m - 6. Calculate a(y).
6
Suppose -35*h = 48 + 57. Let a(d) = 3*d + 4. What is a(h)?
-5
Let k(d) be the second derivative of d**3/6 - 37*d**2/2 - 472*d. What is k(26)?
-11
Let w(d) = d**3 + 5*d**2 - 7*d - 2. Suppose -5*j + 3 = -3*z, -z + 4*j = -2*z - 18. Let m be w(z). Let r(a) = 1 - 6*a**2 - 2 + m*a**2. Calculate r(-1).
-3
Let l be 1/2 - 9/(-2). Let m(s) be the second derivative of 0 + 1/2*s**2 + 1/20*s**5 + 1/6*s**3 - 5/12*s**4 - 10*s. Give m(l).
6
Let l(c) be the first derivative of -c**4/4 - 4*c**3/3 + c**2/2 - 2*c + 73. Calculate l(-3).
-14
Let t(r) = r**3 + 3*r**2 + 2. Let u = -10 + 12. Suppose 0 = g + k + 2, u*g + 4*k + 20 = 4*g. Suppose -3*p - g*p = 15. Give t(p).
2
Let h(t) = t + 1. Let z = 19 + -4. Suppose 3*u = 2*m + 4 - 7, z = -3*u. Determine h(m).
-5
Let f(d) = -15*d + d**2 - 20*d + 11 - 18*d + 69*d. What is f(-15)?
-4
Let r = -68 + 71. Let c(x) = x - 4 + 3*x**2 - 3 + r + 3. Calculate c(-2).
9
Let z = 3 - -3. Let x(h) be the second derivative of h**3/6 - 11*h**2/2 + 6*h. Determine x(z).
-5
Let o(a) = 37*a - 153. Let q(d) = 91*d - 382. Let z(x) = 12*o(x) - 5*q(x). Give z(7).
-3
Let t = 15 - 9. Let k = 9 - t. Let n(q) = 1 + 0*q**2 - 2*q + 2 - k*q + q**2. Determine n(3).
-3
Let o(m) = m**2 - 3*m - 6. Let c(k) = k**2 - 9*k - 17. Let z be c(11). Calculate o(z).
4
Let t(c) be the first derivative of 5*c - 1/12*c**4 + 1/2*c**2 + 4 + 5/6*c**3. Let u(f) be the firs